is divided by 110.
106
What is the remainder when 28 is divided by 17?
11
Calculate the remainder when 736 is divided by 20.
16
Calculate the remainder when 14407 is divided by 11.
8
What is the remainder when 1269 is divided by 85?
79
Calculate the remainder when 1895 is divided by 47.
15
What is the remainder when 452 is divided by 28?
4
Calculate the remainder when 2736 is divided by 37.
35
Calculate the remainder when 411 is divided by 18.
15
Calculate the remainder when 432 is divided by 123.
63
Calculate the remainder when 8363 is divided by 89.
86
What is the remainder when 4418 is divided by 33?
29
What is the remainder when 279 is divided by 12?
3
What is the remainder when 122 is divided by 25?
22
What is the remainder when 113 is divided by 24?
17
What is the remainder when 351 is divided by 91?
78
Calculate the remainder when 193 is divided by 71.
51
Calculate the remainder when 127 is divided by 13.
10
Calculate the remainder when 149 is divided by 76.
73
Calculate the remainder when 28287 is divided by 17.
16
Calculate the remainder when 1828 is divided by 59.
58
Calculate the remainder when 234 is divided by 4.
2
Calculate the remainder when 1930 is divided by 14.
12
What is the remainder when 2951 is divided by 76?
63
Calculate the remainder when 308 is divided by 65.
48
Calculate the remainder when 350 is divided by 44.
42
What is the remainder when 1614 is divided by 101?
99
What is the remainder when 119 is divided by 116?
3
What is the remainder when 774 is divided by 118?
66
What is the remainder when 1367 is divided by 57?
56
What is the remainder when 178 is divided by 45?
43
Calculate the remainder when 10875 is divided by 128.
123
What is the remainder when 1693 is divided by 188?
1
Calculate the remainder when 170 is divided by 43.
41
What is the remainder when 66 is divided by 15?
6
What is the remainder when 296 is divided by 4?
0
Calculate the remainder when 1255 is divided by 34.
31
What is the remainder when 812 is divided by 20?
12
What is the remainder when 109 is divided by 37?
35
What is the remainder when 7118 is divided by 8?
6
Calculate the remainder when 192 is divided by 65.
62
Calculate the remainder when 138 is divided by 10.
8
What is the remainder when 288 is divided by 151?
137
Calculate the remainder when 66 is divided by 10.
6
What is the remainder when 373 is divided by 14?
9
Calculate the remainder when 41 is divided by 13.
2
Calculate the remainder when 4330 is divided by 114.
112
Calculate the remainder when 646 is divided by 36.
34
Calculate the remainder when 84 is divided by 43.
41
What is the remainder when 166 is divided by 24?
22
What is the remainder when 287 is divided by 93?
8
What is the remainder when 373 is divided by 41?
4
What is the remainder when 658 is divided by 10?
8
Calculate the remainder when 4440 is divided by 44.
40
What is the remainder when 59 is divided by 27?
5
What is the remainder when 214 is divided by 66?
16
Calculate the remainder when 146 is divided by 83.
63
What is the remainder when 6769 is divided by 37?
35
Calculate the remainder when 1230 is divided by 14.
12
What is the remainder when 670 is divided by 38?
24
Calculate the remainder when 45 is divided by 19.
7
Calculate the remainder when 764 is divided by 109.
1
Calculate the remainder when 362 is divided by 28.
26
Calculate the remainder when 59 is divided by 16.
11
What is the remainder when 10267 is divided by 68?
67
What is the remainder when 300 is divided by 97?
9
Calculate the remainder when 238 is divided by 61.
55
What is the remainder when 144 is divided by 3?
0
What is the remainder when 373 is divided by 15?
13
What is the remainder when 5 is divided by 5?
0
Calculate the remainder when 368 is divided by 50.
18
What is the remainder when 383 is divided by 32?
31
What is the remainder when 96 is divided by 15?
6
Calculate the remainder when 187 is divided by 61.
4
Calculate the remainder when 128 is divided by 19.
14
Calculate the remainder when 1958 is divided by 29.
15
Calculate the remainder when 1993 is divided by 95.
93
What is the remainder when 43 is divided by 17?
9
Calculate the remainder when 741 is divided by 128.
101
Calculate the remainder when 522 is divided by 11.
5
Calculate the remainder when 357 is divided by 24.
21
Calculate the remainder when 54 is divided by 22.
10
What is the remainder when 5245 is divided by 54?
7
Calculate the remainder when 194 is divided by 50.
44
What is the remainder when 189 is divided by 50?
39
Calculate the remainder when 1133 is divided by 90.
53
What is the remainder when 78 is divided by 17?
10
Calculate the remainder when 12 is divided by 5.
2
Calculate the remainder when 431 is divided by 148.
135
What is the remainder when 944 is divided by 22?
20
What is the remainder when 1084 is divided by 240?
124
Calculate the remainder when 4844 is divided by 95.
94
What is the remainder when 256 is divided by 252?
4
Calculate the remainder when 10679 is divided by 60.
59
What is the remainder when 1946 is divided by 94?
66
What is the remainder when 4979 is divided by 20?
19
Calculate the remainder when 53 is divided by 27.
26
Calculate the remainder when 176 is divided by 95.
81
Calculate the remainder when 261 is divided by 30.
21
Calculate the remainder when 1887 is divided by 465.
27
What is the remainder when 58 is divided by 17?
7
What is the remainder when 439 is divided by 13?
10
What is the remainder when 389 is divided by 99?
92
Calculate the remainder when 7684 is divided by 8.
4
What is the remainder when 86 is divided by 55?
31
Calculate the remainder when 21746 is divided by 239.
236
What is the remainder when 10022 is divided by 25?
22
What is the remainder when 1392 is divided by 17?
15
Calculate the remainder when 303 is divided by 61.
59
Calculate the remainder when 270 is divided by 29.
9
What is the remainder when 393 is divided by 132?
129
What is the remainder when 575 is divided by 555?
20
What is the remainder when 874 is divided by 128?
106
Calculate the remainder when 74 is divided by 8.
2
Calculate the remainder when 233 is divided by 74.
11
Calculate the remainder when 944 is divided by 79.
75
Calculate the remainder when 621 is divided by 25.
21
Calculate the remainder when 2543 is divided by 106.
105
What is the remainder when 255 is divided by 52?
47
What is the remainder when 1616 is divided by 298?
126
What is the remainder when 2022 is divided by 81?
78
Calculate the remainder when 653 is divided by 82.
79
Calculate the remainder when 12298 is divided by 49.
48
Calculate the remainder when 42 is divided by 24.
18
Calculate the remainder when 904 is divided by 58.
34
What is the remainder when 438 is divided by 55?
53
What is the remainder when 2771 is divided by 20?
11
What is the remainder when 2157 is divided by 8?
5
What is the remainder when 11638 is divided by 8?
6
What is the remainder when 59 is divided by 28?
3
What is the remainder when 6098 is divided by 676?
14
What is the remainder when 246 is divided by 125?
121
Calculate the remainder when 14979 is divided by 14.
13
What is the remainder when 48 is divided by 45?
3
What is the remainder when 15748 is divided by 150?
148
What is the remainder when 585 is divided by 21?
18
What is the remainder when 73 is divided by 11?
7
Calculate the remainder when 1000 is divided by 56.
48
What is the remainder when 1954 is divided by 151?
142
Calculate the remainder when 14839 is divided by 140.
139
What is the remainder when 63 is divided by 16?
15
What is the remainder when 316 is divided by 18?
10
Calculate the remainder when 124 is divided by 63.
61
What is the remainder when 3223 is divided by 31?
30
Calculate the remainder when 69 is divided by 39.
30
Calculate the remainder when 438 is divided by 13.
9
Calculate the remainder when 8 is divided by 7.
1
Calculate the remainder when 443 is divided by 5.
3
What is the remainder when 381 is divided by 21?
3
Calculate the remainder when 182 is divided by 168.
14
Calculate the remainder when 103 is divided by 28.
19
Calculate the remainder when 296 is divided by 9.
8
What is the remainder when 234 is divided by 34?
30
What is the remainder when 511 is divided by 57?
55
Calculate the remainder when 421 is divide